+ 4. Let g(i) = -2*i**3 - 2*i**2 - 4*i - 2. What is g(m)?
14
Let i = -1066 - -1067. Let k(n) = 11*n**3 - n. Determine k(i).
10
Let f(g) = 124*g**2 + 2*g + 1. Let t be f(-3). Suppose 5*v - t + 416 = 0. Let u(a) = -3*a - 1 + 0*a + 146*a**2 + 4*a - v*a**2. Determine u(1).
7
Let h(v) = v**3 - v**2 + 6*v + 1. Let n be h(0). Let x(z) = -z**2 - 11*z - 7. Let u(g) = 5*g + 3. Let m(t) = -9*u(t) - 4*x(t). Determine m(n).
4
Let p(t) = t**2 - 4*t - 4. Let x = 2055 + -2050. Calculate p(x).
1
Let k(f) be the first derivative of -f**2/2 + 26*f - 19. Give k(18).
8
Let p(i) = -i**3 + 5*i**2 + 4*i + 5. Suppose q + 1 = 2*n + 3, 3*q = -2*n + 22. Calculate p(q).
-7
Let x(w) = w**2 - 6*w + 2. Suppose -2*t = y + 1 - 0, 5*t - 4 = 4*y. Let p = 1 - y. Let j be ((-6)/(-9))/(p/18). Give x(j).
2
Suppose 6 = 3*u, -3*i - 2*u - 3*u = -22. Let a(m) = 5*m**2 + 0*m - 4*m**2 + 5 - 5*m + 1. What is a(i)?
2
Let j(o) = 3*o + 10. Suppose 4*t - 520 = -568. What is j(t)?
-26
Let o(v) = -v + 1. Let z(s) = -s**3 + s**2 + 4*s - 12. Suppose 0 = 5*k - 4 - 1. Let j(x) = k*z(x) + 3*o(x). What is j(0)?
-9
Let p be (8/(-16))/(1/12). Let k(l) = -7*l**3 - l**2 - 7*l - 4. Let y(f) = -6*f**3 - 2*f**2 - 7*f - 4. Let o(w) = p*y(w) + 5*k(w). What is o(-6)?
-2
Let w(u) = -u**3 + 7*u**2 + 2*u + 2. Let b(f) = -f + 1. Let k(a) = 2*b(a) + w(a). Suppose 399 = 482*q - 425*q. What is k(q)?
4
Let u(g) = -2*g + 12. Suppose 0 = 54*z - 51*z - 24. What is u(z)?
-4
Let g(k) = -27*k - 3. Let q(y) = -55*y - 8. Let d(b) = -5*g(b) + 2*q(b). Suppose -4*w = -4*o - 8, -3*w + 17 = 5*o + w. Give d(o).
24
Let k(i) = -14*i**3 - 18*i**2 - 3*i. Let u(d) = 5*d**3 + 6*d**2 + d. Let z(f) = -4*k(f) - 11*u(f). Suppose -4*a + 4*j - 46 = a, -4*a - 4*j = 8. Determine z(a).
-6
Let q(r) = r**2 + 10*r + 9. Let c be ((-7)/21 - 4/12)*12. Determine q(c).
-7
Suppose 5*q + 91 - 96 = -5*m, -5*q + m = 13. Let g(d) = 2*d**3 + 0*d - 2*d**2 + 2*d + d**2. Determine g(q).
-24
Let m(x) be the second derivative of -x**4/12 + 23*x**3/6 - 21*x**2/2 - 240*x. Calculate m(22).
1
Let g(o) = o**2 + 8*o + 22. Let k(z) = -41*z + 445. Let c be k(11). Give g(c).
10
Let a(f) = -6*f - 1443 + 1424 + 9*f. Calculate a(9).
8
Let h(f) = -2*f + 5. Let r be (-14)/77 + (-4)/(-22). Suppose 10*i - 8*i - 10 = r. Suppose 5*o + 5*d - 50 = 0, -o - 3*d = -3*o - i. Give h(o).
-5
Let j be -2 + 4 + -3 + 1. Let k(q) be the first derivative of -q**3/3 + q**2/2 - 6*q + 2. Give k(j).
-6
Let b = 36 + -36. Let s(h) = 6*h**3 - h - 3 + b + 2*h**2 - 5*h**2 - 7*h**3. Let d = -1 - 2. What is s(d)?
0
Let b(m) be the first derivative of m**4/4 - 2*m**3 + m**2/2 + 3*m + 5. Suppose -4*t - 1 = -13. Give b(t).
-21
Let m(d) = -d**2 - 6*d - 5. Let k be m(-4). Suppose 0 = -k*u - 1 + 7. Let t(r) = -3*r - 7 + 3*r - 8*r + r**u - 2*r**2. Calculate t(-6).
5
Suppose -5*d + 475 = -5*m, -2*d + 375 = 2*d - 3*m. Let z be (-618)/d - -1*4/(-30). Let x(f) = f**2 + 9*f + 5. Determine x(z).
-9
Let l(a) = a**3 + 6*a**2 + 5*a - 4. Suppose 5*h = 5*b + 2*h + 37, 2*b = -h - 6. Determine l(b).
-4
Let n(j) = -857*j - 2*j**3 + 292*j + 284*j + 5*j**2 - 2 + 285*j. Calculate n(4).
-34
Let t(q) = -9*q + 39. Let l(u) = -3*u + 14. Let y(a) = 11*l(a) - 4*t(a). Determine y(-5).
-17
Let n(d) = -d**3 + 3*d**2 + 5*d - 2. Let g = -22 + 24. Suppose a + g*a = 0. Suppose 0*k - 6*k + 24 = a. Calculate n(k).
2
Let d(s) be the first derivative of s**3/3 + 3*s**2/2 + s - 62. Calculate d(-4).
5
Let x(h) = -h**2 - 31*h - 121. Let r be x(-26). Let u(t) = t**3 - 8*t**2 - 6*t + 12. Give u(r).
39
Let z be (-1)/(1 + -2) + -16. Let p be 3/2 - z/(-2). Let x(f) = -f**3 - 5*f**2 + 8*f + 7. What is x(p)?
-5
Let h(r) = 2*r**2 + r + 5. Let k be h(0). Suppose 0 = -4*c - 2*w, -5*c - 4*w - 14 = -k*w. Let d(g) = -g + 40 + g**2 - 43 - 2*g. What is d(c)?
7
Let h be 6/27 - (-188)/(-36). Let x = 28 + -25. Let d(z) = z + 2*z**3 - 3 - 6*z**2 - 3*z**x + z**2 - 1. Calculate d(h).
-9
Let y(n) = -n**3 + 4*n**2 + 5*n - 2. Let b = 15 + -4. Let h(c) = c**2 - 2 + 9*c - b*c - 11*c - 7. Let m be h(14). Determine y(m).
-2
Suppose -25*f + 19*f - 30 = 0. Let b(p) = 2*p - 3*p**2 + 1 - 3*p**3 - p**2 + 2*p**3 + p. Calculate b(f).
11
Let d(o) = o**3 + 2*o**2 - 3*o + 2. Let c(m) be the second derivative of m**5/20 - 7*m**4/4 - 23*m**3/6 + 19*m**2/2 - 25*m. Let j be c(22). Give d(j).
2
Suppose 40*b = 42*b - 8. Suppose 0 = -4*l - 8 + b. Let n(s) = -9*s**2 - 1. Calculate n(l).
-10
Let y(i) = i**3 + 2*i**2 - 3*i - 1. Let o(p) = p**2 + 17*p - 21. Let k be o(-18). Give y(k).
-1
Let b(i) be the first derivative of 9*i**2/2 - 4*i - 3070. Suppose 3*a = 4 + 5. What is b(a)?
23
Let o(t) be the third derivative of 11*t**4/24 - t**3/6 + t**2 - 126. What is o(-1)?
-12
Let n(q) be the first derivative of 21 - q + 4 + 1 + q**2. Give n(5).
9
Suppose 0 = -8*d - 5 - 11. Let m be (-6)/4 - ((-2)/4 + d). Let r(n) be the third derivative of -13*n**6/120 - n**5/60 + n**4/24 - n**3/6 - n**2. What is r(m)?
-14
Let t(r) = -6*r**3 + 4*r**2 - 4*r + 2. Let h be 2/11 + (-6 - (-258)/33). Calculate t(h).
-38
Let v = 12 - 7. Let u(m) = -3*m**2 + 9. Let c(p) = -4*p**2 - p + 12. Let a(f) = -2*c(f) + 3*u(f). Calculate a(v).
-12
Let l(n) = 36 - 520*n - 11*n**2 + n**3 + 14*n**2 + 17*n**2 + 501*n. What is l(-21)?
-6
Let k(g) = -3*g + 4. Suppose -5*b - 5*i = -510, -2*b + 5*b + 4*i = 309. Let o be (-34)/9 - 22/b. Determine k(o).
16
Let y = 2784 - 2782. Let l(s) = -s**3 + s - 2. What is l(y)?
-8
Let f(w) be the third derivative of -w**6/120 - w**5/30 + w**4/24 + w**3/6 - 7*w**2. Determine f(-4).
29
Let g(a) be the first derivative of 9*a**2/2 + 5*a + 594. Determine g(3).
32
Let f(o) be the first derivative of -5*o**2/2 - 7*o + 4. Suppose 10 = -0*l + 5*l. Let h = -7 + l. What is f(h)?
18
Let j be 6/27 - 7/(189/(-102)). Let x(p) be the third derivative of 0*p - p**3 - 1/24*p**j + 0 + 11*p**2. Calculate x(0).
-6
Let c(b) = -4*b**2 + 11*b + 24. Let g(d) = 5*d**2 - 11*d - 26. Let u(f) = -6*c(f) - 5*g(f). Give u(-9).
4
Let h(t) = t + 3. Let i(p) = 3*p + 20. Let b be i(-5). Let w(y) = -y**3 + 4*y**2 + 6*y - 5. Let u be w(b). Determine h(u).
3
Let y(n) = 2*n**3 - 35*n**2 + 17*n + 5. Let k be y(17). Let m(d) = d**3 - 4*d**2 - 4*d + 2. Calculate m(k).
7
Suppose 0*u - 112 = -4*x - 4*u, 0 = -2*x + u + 62. Let g = 27 - x. Let s(k) = k + 3. Determine s(g).
0
Let d(l) = -12*l**2 + 1. Let k(h) = -h**2 + 5*h. Let v be k(5). Let g be (2/(-6) + v)*-9. Let p be g/(-1) + (-4)/(-1). Give d(p).
-11
Suppose 0 = 5*b + 10*z - 7*z + 4, 0 = -5*b - 4*z - 7. Let h(j) = 31*j**2 + 1. Determine h(b).
32
Let u(w) = w**3 - 6*w**2 - 10*w + 7. Let l be 11/2 + 45/30. Determine u(l).
-14
Let q(d) = d**2 + 5*d + 3. Let m(k) = -3*k**3 + 3*k**2 + 6*k + 2. Let o be m(-2). Let b be o/(-8) + 48/(-64). Give q(b).
-1
Let f(x) = -x**3 - x**2 - x - 1. Let a(c) = 4*c**3 + 3*c + 2. Let m(y) = -a(y) - 2*f(y). Determine m(1).
-1
Let r(p) = -p + 1. Let q(d) be the second derivative of -d**4/12 + d**3 + 6*d. Let o(f) = q(f) + 5*r(f). Calculate o(0).
5
Suppose -4*g - 1 - 11 = 0. Let a = g + 3. Let d(h) = -h**3 - h - 6. Determine d(a).
-6
Let p(l) = -4*l**2 + 3 + 5*l + l**3 + 0 - 4*l**2 + 3. Let w(d) = -d**2 + 11*d - 11. Let k be w(9). Calculate p(k).
-8
Suppose -v + 29 - 44 = 0. Let q(c) = -2*c**2 - 29*c + 10. Determine q(v).
-5
Let b(t) = t + 4. Let x = 12 - 10. Suppose 2*s - x = 2. Suppose 5*o + 8 + s = 0. Give b(o).
2
Let s(w) be the first derivative of w**5/20 + w**4/4 + w**3/6 - 2*w**2 + 4*w + 1. Let h(x) be the first derivative of s(x). What is h(-3)?
-7
Let w(m) be the first derivative of m**6/120 - m**5/60 - m**3/6 - 11*m**2 + 1. Let g(q) be the second derivative of w(q). Determine g(1).
-1
Let u(o) = o**3 - 2*o**2 + 4*o - 3. Let v be (-259)/(-185) - (-6)/10. Determine u(v).
5
Let k(o) = o**3 - 19*o**2 - 42*o + 1. Let h be k(21). Let v(g) = -g + 2. Let r(c) = c - 10. Let j(w) = h*r(w) + 4*v(w). Calculate j(-7).
19
Let o(g) = g**2 + 8*g + 5. Suppose -60 = -5*l + 240. Let y = 54 - l. What is o(y)?
-7
Let t(g) = -g + 5. Let v be t(2). Suppose d + 2 = -0*d + z, -2*d + v*z - 1 = 0. Let f(n) = n - 4. What is f(d)?
-9
Let y(v) = v - 11. Let j be y(13). Let z(r) = 8*r**j - 3*r**2 + 4 + 2*r**3 + 0*r - 3*r**3 - 5*r. Let p be 1/2 + 7/2. What is z(p)?
0
Let s(i) = i**3 + 7*i**2 + 4*i - 8. Let l be 85/17 + -5 + 1. Suppose -17 = 3*b + l. Give s(b).
4
Let x(g) be the third derivativ